econd derivative of -n**4/12 - 5*n**3/2 + n**2/2 - 2*n - 27. Calculate w(-13).
27
Let n = 387 + -392. Let m(a) = -6*a**2 + a - 6. Let c(t) = 5*t**2 - t + 6. Let r(h) = -7*c(h) - 6*m(h). Give r(n).
14
Let r be -4 + 134*104/4. Let l(t) = 7 - 6956*t + r*t + 3472*t. What is l(0)?
7
Let l(h) = -14*h**3 - 14*h**2 + 18*h - 23. Let a(g) = -3*g**3 - g**2 + 2*g - 2. Let m(v) = 5*a(v) - l(v). What is m(9)?
-59
Let g(s) = -s**2 + s - 1. Let r(v) = 6*v - 24. Suppose -2*p + 0*p - 3*w - 7 = 0, -3*p = 2*w - 2. Let c be r(p). Give g(c).
-1
Let a(s) = 4*s - 3*s - 2*s - 8. Suppose -214*y + 48 = -114*y - 106*y. Give a(y).
0
Suppose 0 = m + 4 + 3. Let v(s) = s**3 + 26*s**2 + 6. Let g be v(-26). Let z(q) = -7*q**2 + 5*q**3 - 47*q - g*q**3 + 9 - 42*q + 136*q - 49*q. Calculate z(m).
23
Suppose -24*g = -63 - 345. Let v(t) be the first derivative of 1/2*t**2 + 5*t + g. Determine v(-4).
1
Let a(v) be the first derivative of 58 + v**3 - 3/2*v**2 - 1/2*v**4 + v. Determine a(2).
-9
Let p(d) = d**3 + 5*d**2 - 8*d - 13. Let f(o) = -o**3 - o - 6. Let h be (5 - 132/28) + (-2)/7. Let j be f(h). What is p(j)?
-1
Let h(v) = 5*v**3 + v**2 - 1. Suppose 0 = -4*a + i + 26, -10*i = 5*a - 14*i - 38. Suppose -11*y = -a*y - 5. Determine h(y).
5
Let w(d) = -2*d + 4. Suppose 262 - 94 = 6*t. Suppose 11*n = -3*n + t. What is w(n)?
0
Let v(i) = -i + 11. Suppose 101 = w + 1. Suppose 41*l + w = 31*l. Calculate v(l).
21
Let l(t) = 14*t**2 + 42*t - 41. Let y be l(1). Let p(w) = 23 + w**2 + 13*w - 25 + y + 0*w**2 + 2. Give p(-11).
-7
Suppose -6*o + o - 40 = 0. Let x be (o - -4)/1 - 2. Let b(j) = j**2 + 5*j - 6. Let z(y) = -3*y**2 - 15*y + 17. Let c(u) = -11*b(u) - 4*z(u). Give c(x).
4
Let h(o) be the first derivative of -17*o**2/2 + o - 1. Suppose 5*p - 409 = -104. Let t = p + -60. Determine h(t).
-16
Let m(x) = -x - 34. Let j be (-20 + 13)/(1/2*20/10). Determine m(j).
-27
Let i(g) be the second derivative of g**3/3 - 5*g**2 + 44*g. Calculate i(-9).
-28
Let o(r) = -r - 13. Suppose q + 24 = -4*a + 106, 3*q = -4*a + 86. Let b(i) = i**2 - 22*i + 35. Let k be b(a). Let h be 5*(-3 + (-4)/k). Give o(h).
-2
Let m(p) be the first derivative of p**3 + p**2 + p - 83. Let a be 2/6*(-6 - -3). Give m(a).
2
Let m(q) be the second derivative of q**3/6 + 7*q**2/2 + 106*q. Let n be (54/36)/(9/(-48)*-2). Determine m(n).
11
Let s be (-18)/5*(-75)/30. Suppose -2*x + 1 = g - 3, 3*x = -2*g + s. Let r(y) = g*y**2 + 6 + y**2 + y**3 - 8*y - 10*y**2. What is r(5)?
16
Suppose -25*b - 6 + 56 = 0. Let z(c) = -16*c**b + 0*c + 2*c - 3 - 11*c + 14*c**2. Give z(-6).
-21
Let t(q) be the second derivative of 0 + 2*q + 0*q**2 + 7/6*q**3. Suppose -10*n + 66 = -43*n. Determine t(n).
-14
Let f(o) = 4*o - 2. Suppose 11*s + 8*s = 57. Let q(a) = -8*a + 3. Let k(w) = s*q(w) + 5*f(w). Let g be 1 - (-1 - 5)/(-2). What is k(g)?
7
Let p(x) = -x**3 + 9*x**2 + 17. Let o be p(9). Suppose 3*y - o = -2. Let f(l) = l**2 + 0*l**2 - 3 - 22*l + 41*l - 21*l. Determine f(y).
12
Let k(n) = -n**3 + 22*n**2 - 11*n + 43. Let i be k(22). Let o = 193 + i. Let d(u) = 8 + 2*u - 4 + 2. Calculate d(o).
-6
Let p(w) be the third derivative of -w**5/60 - w**4/24 - 2*w**3/3 - w**2 - 30779. Let f be (-8)/3*6/(-4). What is p(f)?
-24
Let g(n) = 2*n**3 + 11*n**2 - 6 - n**3 - 14 + 22. Let m be g(-11). Let d(z) = -2*z**m + z**2 - 2331*z - 8 + 2339*z. Determine d(6).
4
Let o(f) = 6*f - 16. Suppose -17*i = 6*i - 58 - 34. Calculate o(i).
8
Let v(u) = u**3 + 7*u**2 - 17*u + 2. Suppose g + 12 = n, -n = g + g + 15. What is v(g)?
-7
Let y(i) = -5*i. Let p(d) = -2*d + 2. Let b(k) = 13*k. Let t(s) = -b(s) - 2*p(s). Let w(g) = -4*t(g) + 7*y(g). What is w(-14)?
2
Let t(h) = h**3 - 2*h**3 + h - h**2 - 1 - 2. Suppose 8*q - 6*q = 5*f - 74, 0 = -4*q + 5*f - 128. Let w be (2/(-6))/((-111)/q + -4). Determine t(w).
12
Let y(w) be the first derivative of -w**3/3 - 15*w**2/2 - 14*w + 2377. What is y(-12)?
22
Let s(w) = 4*w. Suppose -25*y + 26*y = 103. Suppose -y + 23 = -5*g. Suppose 5*a = 4 + g. Determine s(a).
16
Let k(b) = -b**3 + 25*b**2 + 17*b + 50. Let y be k(26). Let a = y - -192. Let c(o) = -2*o**2 + 17*o - 13. What is c(a)?
-5
Let h be (-1 - 4)/(14/(-70)). Let s(d) = -23 - d**2 + 2 + h. Determine s(3).
-5
Let j(h) = 15*h - 31. Let d(s) = 6*s - 5. Let r(c) = 2*d(c) - j(c). What is r(14)?
-21
Suppose 4*v + f = 2*v - 1, 5*f = 5*v - 5. Suppose v = -2*s - 0*d + 5*d, -4*d = -4*s + 12. Let q(m) = s + m - 4*m + 0*m + m. Calculate q(5).
-5
Let v(o) = o**2 - o - 1. Let k(j) = -j**3 + 4*j**2 + 5*j - 2. Let s be (-12)/20 + 23/5 + 1. Let q be k(s). Let g be (-4)/8 + (-18)/8*q. Give v(g).
11
Let b(w) = 22*w**2 - 9*w - 44*w**2 - 1 - 13*w + 26*w**2 + 36*w - 19*w. Suppose 0*m - 9 = -3*m. Give b(m).
20
Let v(b) be the first derivative of 2*b**2 - 16049. Let p be (-5)/(-10) - 6/(-4). Calculate v(p).
8
Let x = -69 - -99. Let r(l) = 31*l - x*l + 4 - 9. Give r(3).
-2
Let g(n) = -n**3 + 7. Suppose 0*j = 5*j - 2*d + 153, 4*j + 136 = 5*d. Let y = j - -44. Let p(h) = -h**2 + 14*h + 15. Let f be p(y). Determine g(f).
7
Let f(b) = -325 - 15*b + 10*b + 323. Suppose 3*x + x + 8 = 0. What is f(x)?
8
Let d(o) = -o + 3. Let v(i) = i**3 - 13*i**2 + 21*i + 31. Let k be v(11). Let n be (9 - 4)*(-12)/k. Give d(n).
6
Suppose n - 20 = 3*i, 3*n - 11 = -49*i + 51*i. Let p(h) = 2*h**2 + 17*h + 17. Calculate p(i).
-4
Let l be -15*1*-6*98/(-35). Let j = l - -254. Let i(b) be the third derivative of b**5/60 - b**4/24 - 3*b**2. What is i(j)?
2
Let y(x) be the second derivative of 0 + 5*x**2 - 7/12*x**4 + 147*x - 2/3*x**3 - 1/20*x**5. Calculate y(-6).
-2
Let d(r) = r**3 + r**2 - r - 5. Let m = 9462 + -9464. Give d(m).
-7
Let y(h) = 1 - h + 3 - 3. Let s(w) be the first derivative of -w**2 - w - 485. Let m(j) = s(j) + 2*y(j). Determine m(-3).
13
Suppose 0 = -2*s - 47 - 23. Let l = -28 - s. Let c be 3 + (-1 + 3 - l). Let a(h) = h**3 + 5*h**2 + 3*h. What is a(c)?
6
Let w(l) = 128*l + 3 - 6 + 135*l - 265*l - 2*l**2. Suppose 0 = 3*j - 5*p + 6, 0*p = j + 3*p + 2. Give w(j).
-7
Let r(l) = -92*l + l**2 - 39*l + 124*l + 11. Give r(6).
5
Let w be 1 + (-2 - 1*-7). Let s(r) = 3*r**3 - 7*r**2 - 18*r - 20*r - 75*r + 118*r - 2*r**3. Calculate s(w).
-6
Let h(o) be the first derivative of -3*o**2/2 + 4*o - 2867. Suppose -2 = -j + 1. Calculate h(j).
-5
Let m(n) = -2*n**3 - 10*n**2 - 10*n - 14. Let s be m(-4). Let a(c) be the first derivative of c**4/4 + 4*c**3/3 - 9*c**2/2 - 3*c + 1. Determine a(s).
-21
Let h = -28 + 28. Suppose -175*p + 174*p + 1 = h. Let z(w) = -22*w. What is z(p)?
-22
Let h(i) be the third derivative of 25*i**2 + 1/3*i**3 + 1/12*i**4 + 0 + 0*i. Calculate h(7).
16
Let w be (0 - 15/(-13)) + (-2)/13. Suppose m = 56 - w. Let f = m + -60. Let k(c) = c**3 + 4*c**2 - 4*c - 1. Determine k(f).
-6
Let g(i) = i**3 - 10*i**2 - i + 10. Let p be g(10). Let y(w) = w + 0*w + p*w - 21 + 18. Give y(5).
2
Let d = -195 + 156. Let h = -42 - d. Let j(k) be the first derivative of k**2/2 - k - 1. What is j(h)?
-4
Let z be (-51)/8 + (210/(-80))/(-7). Let j(n) = -6 + 4*n + n**2 + 4*n + 5 - 5*n. Calculate j(z).
17
Let q(f) be the first derivative of -f**3/6 + 7*f**2 - 63*f - 23. Let d(l) be the first derivative of q(l). Determine d(11).
3
Let m(f) = -f**2 - 8*f + 64. Let a be 8/(-12)*3/2 + 5 + -18. Determine m(a).
-20
Let y = 52 + -51. Let u(v) = -2. Let k(h) = -4*h - 11. Let a(x) = y*k(x) - 6*u(x). Calculate a(2).
-7
Let y(j) = -8*j - 4356 - 4277 + 13022 - 4314. Calculate y(9).
3
Let k(o) = -o**3 + 23*o**2 - 24*o - 27. Let a = -1504 - -1526. Give k(a).
-71
Let y = -314 + 326. Let c be (-50)/15 - 8/y. Let w(a) = 4*a + a**2 - 2 + 2 - 5. Give w(c).
-5
Let x = 8 - 3. Let k(r) = 76*r + r**2 - 260*r + 2 + 97*r + 84*r. What is k(x)?
12
Let r(m) = m**3 + 14*m**2 + 28*m - 8. Let t be r(-12). Let n be ((-5)/(15/12))/(t/42). Let f(o) = o**3 - 4*o**2 + 2*o + 1. What is f(n)?
-2
Let w(y) = -659*y + 1586*y - 464*y + y**3 - 460*y - 7*y**2. Suppose -6 = -3*l - 4*i - 40, -l = 2*i + 12. Let p = 16 + l. Calculate w(p).
-18
Let h(b) = 1764 - 3418 + 1662 - 22*b. What is h(6)?
-124
Let f(j) = -j**3 + 11*j**2 + 11*j + 16. Let g(s) = -23*s - 26. Let k be g(-3). Suppose -22 = -p + 2*c, 4*p - k = -3*c + 2*c. Determine f(p).
4
Let z(c) = -c**2 - 16*c - 47. Suppose a = 2*f + 22, 18 = -3*f - a - 30. Determine z(f).
-19
Let n = -4 + 10. Let j(t) = 2*t + 2. Let w(v) = 7*v + 5. Let